
What are the prime factors of 614099?
19, 32321
What are the prime factors of 4997626?
2, 17, 146989
What are the prime factors of 364177?
11, 33107
What are the prime factors of 2933037?
3, 108631
What are the prime factors of 224814?
2, 3, 89, 421
What are the prime factors of 646403?
646403
List the prime factors of 8784693.
3, 36151
List the prime factors of 25801861.
25801861
What are the prime factors of 2725213?
431, 6323
What are the prime factors of 6543054?
2, 3, 7, 51929
List the prime factors of 1113009.
3, 353, 1051
What are the prime factors of 105633?
3, 11, 97
What are the prime factors of 7972351?
7972351
What are the prime factors of 6691403?
6691403
List the prime factors of 7297918.
2, 41, 61, 1459
What are the prime factors of 1854498?
2, 3, 309083
List the prime factors of 76972.
2, 7, 2749
What are the prime factors of 408599?
89, 4591
What are the prime factors of 5105487?
3, 1701829
List the prime factors of 4652609.
13, 317, 1129
List the prime factors of 198737.
7, 11, 29, 89
What are the prime factors of 504496?
2, 31531
List the prime factors of 101641.
101641
What are the prime factors of 218807?
17, 61, 211
List the prime factors of 6004624.
2, 29, 12941
What are the prime factors of 9006460?
2, 5, 401, 1123
What are the prime factors of 25756140?
2, 3, 5, 43, 67, 149
List the prime factors of 15079471.
11, 1370861
What are the prime factors of 6479531?
71, 263, 347
What are the prime factors of 288531?
3, 32059
What are the prime factors of 823130?
2, 5, 7, 11, 1069
What are the prime factors of 454465?
5, 11, 8263
What are the prime factors of 283222?
2, 23, 47, 131
List the prime factors of 1112909.
7, 173, 919
List the prime factors of 898959.
3, 299653
List the prime factors of 826172.
2, 206543
List the prime factors of 265975.
5, 10639
What are the prime factors of 91224?
2, 3, 7, 181
List the prime factors of 2115991.
283, 7477
What are the prime factors of 6164223?
3, 13, 179, 883
What are the prime factors of 11438364?
2, 3, 7, 397
List the prime factors of 299823.
3, 139, 719
List the prime factors of 1527143.
1527143
What are the prime factors of 63568?
2, 29, 137
List the prime factors of 232965.
3, 5, 31, 167
What are the prime factors of 18517422?
2, 3, 7, 11, 149, 269
What are the prime factors of 11172439?
359, 31121
What are the prime factors of 4182008?
2, 43, 12157
List the prime factors of 17878925.
5, 715157
List the prime factors of 17728077.
3, 29, 203771
List the prime factors of 846930.
2, 3, 5, 7, 37, 109
What are the prime factors of 12941339?
12941339
List the prime factors of 872907.
3, 7, 197, 211
What are the prime factors of 16446630?
2, 3, 5, 548221
What are the prime factors of 59391?
3, 6599
List the prime factors of 1459676.
2, 364919
What are the prime factors of 7075383?
3, 7, 17, 19819
List the prime factors of 562640.
2, 5, 13, 541
What are the prime factors of 824808?
2, 3, 34367
What are the prime factors of 743840?
2, 5, 4649
List the prime factors of 73426.
2, 36713
What are the prime factors of 10993587?
3, 11, 333139
List the prime factors of 1117940.
2, 5, 55897
List the prime factors of 155058.
2, 3, 43, 601
List the prime factors of 3856155.
3, 5, 257077
List the prime factors of 10247204.
2, 11, 232891
List the prime factors of 7724241.
3, 7, 19, 239
List the prime factors of 987673.
433, 2281
List the prime factors of 328231.
383, 857
What are the prime factors of 601621?
281, 2141
List the prime factors of 97290.
2, 3, 5, 23, 47
What are the prime factors of 2805663?
3, 7, 17, 29, 271
List the prime factors of 100843.
31, 3253
List the prime factors of 11769917.
43, 273719
List the prime factors of 3284.
2, 821
What are the prime factors of 185710?
2, 5, 7, 379
What are the prime factors of 8859009?
3, 2953003
What are the prime factors of 7292897?
1811, 4027
List the prime factors of 209058.
2, 3, 34843
What are the prime factors of 5399648?
2, 19, 83, 107
List the prime factors of 552685.
5, 7, 15791
List the prime factors of 271617.
3, 37, 2447
List the prime factors of 76396.
2, 71, 269
List the prime factors of 5519822.
2, 7, 11, 73, 491
List the prime factors of 1327564.
2, 7, 17, 2789
What are the prime factors of 430972?
2, 163, 661
List the prime factors of 69660.
2, 3, 5, 43
List the prime factors of 607544.
2, 7, 19, 571
List the prime factors of 30158.
2, 17, 887
List the prime factors of 83453.
17, 4909
List the prime factors of 11536192.
2, 19, 53, 179
List the prime factors of 2600310.
2, 3, 5, 86677
List the prime factors of 341770.
2, 5, 11, 13, 239
What are the prime factors of 20129852?
2, 41, 122743
List the prime factors of 5354473.
17, 29, 10861
What are the prime factors of 664048?
2, 7, 11
List the prime factors of 4610699.
4610699
What are the prime factors of 45367?
7, 6481
List the prime factors of 6029342.
2, 11, 274061
List the prime factors of 588514.
2, 41, 7177
List the prime factors of 13180663.
2659, 4957
What are the prime factors of 8570186?
2, 409, 10477
What are the prime factors of 203524?
2, 17, 41, 73
What are the prime factors of 1731089?
677, 2557
What are the prime factors of 1701060?
2, 3, 5, 28351
What are the prime factors of 26501366?
2, 13250683
List the prime factors of 867614.
2, 11, 113, 349
What are the prime factors of 102955?
5, 59, 349
List the prime factors of 228177.
3, 313
List the prime factors of 4927181.
7, 703883
What are the prime factors of 113826?
2, 3, 61, 311
What are the prime factors of 217452?
2, 3, 18121
List the prime factors of 3520192.
2, 13, 4231
What are the prime factors of 6219992?
2, 19, 151, 271
List the prime factors of 39643.
29, 1367
What are the prime factors of 427212?
2, 3, 11867
List the prime factors of 991021.
19, 43, 1213
What are the prime factors of 6135094?
2, 7, 62603
What are the prime factors of 208543?
107, 1949
What are the prime factors of 6697149?
3, 59, 157, 241
List the prime factors of 157955.
5, 7, 4513
List the prime factors of 240174.
2, 3, 11, 1213
What are the prime factors of 1585804?
2, 11, 23, 1567
List the prime factors of 10377367.
7, 11, 13, 1481
What are the prime factors of 2631403?
37, 71119
List the prime factors of 4477528.
2, 11, 17, 41, 73
List the prime factors of 7003271.
11, 79, 8059
List the prime factors of 442499.
442499
What are the prime factors of 2005591?
7, 286513
List the prime factors of 185923.
185923
List the prime factors of 1697036.
2, 11, 38569
List the prime factors of 8049859.
8049859
What are the prime factors of 314952?
2, 3, 11, 1193
List the prime factors of 115383.
3, 38461
List the prime factors of 1736966.
2, 7, 11, 11279
What are the prime factors of 1656994?
2, 173, 4789
What are the prime factors of 2892957?
3, 229, 4211
List the prime factors of 2233007.
7, 319001
What are the prime factors of 324026?
2, 19, 8527
What are the prime factors of 1826011?
11, 15091
List the prime factors of 245981.
245981
List the prime factors of 35333252.
2, 29, 304597
What are the prime factors of 443818?
2, 221909
What are the prime factors of 12306183?
3, 241, 17021
What are the prime factors of 353452?
2, 11, 29, 277
List the prime factors of 236681.
236681
List the prime factors of 47467.
7, 6781
List the prime factors of 3147442.
2, 37, 42533
What are the prime factors of 48235?
5, 11, 877
What are the prime factors of 642626?
2, 321313
List the prime factors of 1467470.
2, 5, 257, 571
List the prime factors of 510406.
2, 13, 67, 293
What are the prime factors of 352864?
2, 11027
What are the prime factors of 3229927?
3229927
What are the prime factors of 622222?
2, 311111
What are the prime factors of 3021876?
2, 3, 11, 13, 587
List the prime factors of 19226191.
19226191
List the prime factors of 170388.
2, 3, 4733
What are the prime factors of 260056?
2, 32507
List the prime factors of 543675.
3, 5, 11, 659
List the prime factors of 1488805.
5, 167, 1783
List the prime factors of 4901934.
2, 3, 101, 8089
What are the prime factors of 2981468?
2, 7, 233, 457
What are the prime factors of 40941938?
2, 20470969
List the prime factors of 3242836.
2, 149, 5441
List the prime factors of 3813259.
1663, 2293
List the prime factors of 115944.
2, 3, 4831
What are the prime factors of 597317?
7, 85331
List the prime factors o